divided by n?
14
Suppose -4*d + v = -68603, 888*d = 890*d + 2*v - 34314. What is the remainder when d is divided by 9?
7
Suppose 0 = 5*i + x - 390, 2*i + 4*x - 112 - 44 = 0. Calculate the remainder when 400 is divided by i.
10
Let z(d) = d + 3. Let t be z(0). Let l(f) = 107*f + 3030. What is the remainder when l(-28) is divided by 0 - 1/(t/(-9))?
1
Suppose 33*o = 264 + 1782. What is the remainder when 799 is divided by o?
55
Let t = 479 + -238. Suppose 80 + t = a. What is the remainder when a is divided by 81?
78
Suppose -d - 4 = -2*z + 5, 4*d + 3*z = -58. Let u(m) = m**2 + 7*m - 24. Let t be u(d). What is the remainder when (-345)/(-27) - (-12)/t is divided by 5?
3
Suppose 5*l - 8 = 2. Suppose l*i = 0, 0 = -2*a + i + i + 80. Calculate the remainder when a is divided by 13 + ((-6)/(-4) - 42/12).
7
Let n(w) = -54*w + 1. Let u = 289 + -269. Calculate the remainder when n(-1) is divided by ((-3 - -4)/1)/(-1) + u.
17
Suppose -3*h + 190 = 1. Let i(m) = -2*m. Let r be i(1). Calculate the remainder when h is divided by (84/(-21))/(r/16).
31
Calculate the remainder when 608 - (-6)/(-9)*63/(-14) is divided by 287.
37
Suppose 0 = 6144*o - 6257*o + 23052. Calculate the remainder when o is divided by (1 - (-80)/2)/1.
40
Let d(p) = -2*p - 10. Let l be d(-2). Let x(h) = 3*h**2 + 3*h - 14. Let z be x(l). Suppose z + 56 = 6*r. Calculate the remainder when 41 is divided by r.
19
Let p = -3568 - -3833. Calculate the remainder when p is divided by 18.
13
Let s = 889 + -829. Let h = 1 + -1. Suppose -59 = -4*y - 5*o, 3*y + h*y = o + 30. What is the remainder when s is divided by y?
5
Let o = -987 + 1016. Calculate the remainder when 60 is divided by o.
2
Suppose -263*g = -14716 - 801. Calculate the remainder when 1176 is divided by g.
55
Let x(y) = 432*y**3 + 9*y**2 - 8*y - 2. What is the remainder when x(1) is divided by 11?
2
Let i be 0/(2 + 3) - 0. Suppose 3*a + 4*q - 4 = 2*a, i = 2*q. Suppose 0 = 3*k - 2*k - 5*b - 26, b + a = 0. What is the remainder when 16 is divided by k?
4
Let b(m) = m**3 + 6*m**2 - 3*m + 4. Let s be b(-6). Let x(n) = -n + 39. Let p(w) = 1. Let c(l) = 4*p(l) + x(l). What is the remainder when c(s) is divided by 5?
1
Suppose 3505 = 7*o + 3393. Suppose -5*f = -34 - 76. Calculate the remainder when f is divided by o.
6
Let t be 30*6*(-3)/(-30). Let f = -43 + t. Let x = -6 - f. Calculate the remainder when 49 is divided by x.
11
Let u = -15688 + 15993. Calculate the remainder when 912 is divided by u.
302
Let r(l) = -l**3 + 20*l**2 + 42*l + 108. Calculate the remainder when 894 is divided by r(22).
62
Calculate the remainder when ((-144)/(-40))/(11767/(-35490) - (-5)/15) is divided by 675.
3
What is the remainder when 29 + 661 - 7*(-2)/(-14) is divided by 29?
22
Suppose 2*d + 3*d = -3*o + 981, 4*o = -d + 203. Calculate the remainder when d is divided by 55 + (-55)/33*3.
45
Let c(n) = -n**3 + 8*n**2 - 11*n - 17. Let l be c(8). Suppose 2*b + 140 = -0*b. Let j = b - l. Calculate the remainder when 68 is divided by j.
33
Let l = -15567 + 7854. What is the remainder when -8 + 1/((-9)/l) is divided by 10?
9
Let t be (-2 + 1)/(1/9). Let j be 3/t + 8/6. Calculate the remainder when 3 + 108/4*j is divided by 8.
6
What is the remainder when 4/(-34) + (197261/85 - (-192)/(-120)) is divided by 773?
0
Let t(y) = 18*y**2 + 6 - 2*y**3 - 22*y**2 + 4*y + 3*y. Calculate the remainder when t(-4) is divided by 245/21 + (-4)/18*3.
9
Suppose -10 = 2*s - 4. Let z(k) = -2*k**2 + 13. Let c be z(s). Let x(t) = t + 25. What is the remainder when x(c) is divided by 9?
2
Suppose 0 = -4*t - t + 350. Calculate the remainder when 2 - 34*(-6)/4 is divided by ((t/20)/((-1)/8))/(-2).
11
Let y(d) = d**3 + 12*d**2 + 15*d + 26. Let z be y(-8). Calculate the remainder when 28 is divided by 216/z*66/8.
6
Let v be 0 + 450 + 2/3*-6. Let y = v + -426. What is the remainder when y is divided by 13?
7
Let o(n) = -n**2 - 9*n - 7. Let r be o(-3). Let v be r/(45/(-10) + 4). Let h = v - -55. What is the remainder when 63 is divided by h?
30
Let r(w) = -55 + 0*w**2 - 9*w + 8*w + 4*w**2 + 66. Let o = 8 + 35. Calculate the remainder when o is divided by r(2).
18
Let j(q) = -q**2 - 3*q + 12. Let a = -200 - -256. Calculate the remainder when a is divided by j(0).
8
Suppose -2*k + 17 = p, 33 + 37 = 5*p + 5*k. Let s(v) = 3*v - 4. Let m be s(5). Let x = p + m. Calculate the remainder when 42 is divided by x.
20
Let p(j) = 2*j - 104. Let k be p(16). Let l = 85 + k. What is the remainder when 128 is divided by l?
11
Let x be (5/3)/(10/12). Suppose -52 = -x*z + 2*b, 5*z - 66 = b + 44. Calculate the remainder when z is divided by (-28)/(-5) - (-2)/5.
3
Let y(s) = -70 + 11*s + 13*s + 10*s - 42*s. What is the remainder when 78 is divided by y(-10)?
8
Suppose -g - 2*s = s + 438, -5*g = -s + 2158. Let l = g + 434. Calculate the remainder when 3 is divided by l.
1
Let c(f) = -9*f + 100. Let t = -68 - -74. Calculate the remainder when 229 is divided by c(t).
45
Let d(j) = -47 + 0 - 11 + j + 16*j. Let x(k) = 2*k**2 - 5*k + 6. Calculate the remainder when d(7) is divided by x(4).
7
Calculate the remainder when 95 is divided by ((-21)/(1470/40))/(1/(-42)).
23
Suppose -12*j - j + 502 = -44. Calculate the remainder when 368 is divided by j.
32
Suppose 2*n - 38 = 2*q, -4*n + 54 = -2*n + 2*q. Let w(h) = 2*h**3 - 312*h**2 + 63*h - 9789. What is the remainder when w(156) is divided by n?
16
Suppose 33504 = x - 2*y, -5*x + 3*y - 66303 + 233802 = 0. Calculate the remainder when x is divided by 241.
240
What is the remainder when 383 is divided by (2 - 0)*7/(-28)*-42?
5
Suppose -3*x - 22 - 43 = -2*m, -22 = x - m. Let o = -10 - x. Suppose 5*l = 13*l - 136. Calculate the remainder when l is divided by o.
6
Suppose 0 = -35*a + 40*a + 25. What is the remainder when ((-165)/(-9))/a*-12 is divided by 27?
17
Suppose 68*d - 63*d - p = 3722, 3*d = -3*p + 2226. What is the remainder when d is divided by 355?
34
Suppose 3*d + 5*t - 40 = 0, -5*d + 0*d + 80 = 5*t. Suppose -3*x = 4*j - 32, -3*x + 24 = j - d. What is the remainder when 29 is divided by x?
13
Let t = 3200 - 2786. Let u = -322 - -523. Suppose 2*l - t = -2*k, -l = -k + 4*l + u. What is the remainder when k is divided by 19?
16
Suppose 5*r - 113 = 3*n, -n - 3*r = -0*n + 61. Let a = n + 77. What is the remainder when 120 + (-15)/10*(-12)/9 is divided by a?
29
Let d(w) be the third derivative of -w**5/60 + 4*w**4/3 - 47*w**3/3 + 58*w**2. Calculate the remainder when d(11) is divided by 35.
32
Let n(q) = 692*q + 5067. Calculate the remainder when 4457 is divided by n(-7).
220
Suppose -3*p - 2*i = 22, 6*p + 4*i = 3*p - 32. Let k(c) = -7*c - 14. Suppose 129 = 3*w + 6. What is the remainder when w is divided by k(p)?
13
Let d = -7366 + 7379. What is the remainder when 12648 is divided by d?
12
Let i be -4 - -6 - (4 - 5). What is the remainder when 18 - (i/4)/(1/(-4)) is divided by 10?
1
Let r(y) = 10*y**2 - 30*y - 2. Let x(b) = 22*b**2 - 62*b - 5. Let h(f) = 13*r(f) - 6*x(f). What is the remainder when 120 + -1*(3 + -1) is divided by h(-3)?
38
Suppose -z = -59 - 59. Let r = -391 + 411. What is the remainder when z is divided by r?
18
Let k = -30062 - -30092. Calculate the remainder when (32/(-6))/((-4)/66) is divided by k.
28
Let k(q) = -q**3 + 3*q**2 + q - 6. Suppose 1840*o + 18 = 1842*o. What is the remainder when k(-3) is divided by o?
0
Let x = 200 + -198. Suppose n - 33 = 2*y + 5, 2*n = -4*y + 44. Calculate the remainder when ((-12)/(-10))/(9/n) is divided by x.
0
Suppose 0 = 2*z - 2 - 0. Suppose 2*k + 54 = 2*q, 4*k + 18 = k. What is the remainder when q is divided by 1*((z - -2) + 4)?
0
Suppose -22 = w - 115. Let y = -45 + 79. Calculate the remainder when y is divided by (-3)/((-6)/4) + 186/w.
2
Let k(z) = -z**2 + 34*z - 153. Let q be k(28). Let a = 11 - -26. Calculate the remainder when q/6*(-436)/(-10) is divided by a.
35
Suppose 4 = 4*r - 0. Let q be 1683/231 + (-18)/14. Calculate the remainder when (r - q)/(5/(-50)) is divided by 18.
14
Suppose 4*c + 5*o - 112 = 7*o, 24 = 4*o. Calculate the remainder when 87 is divided by c.
25
Let i = -3870 - -4305. Suppose 5*g - 2*g = 69. Calculate the remainder when i is divided by g.
21
Suppose -53*j - 4*u - 692 = -54*j, -5*u - 2125 = -3*j. Calculate the remainder when j is divided by 165.
60
Suppose 4*s = -70*f + 65*f + 747, 